{"id":801,"date":"2018-12-19T09:26:24","date_gmt":"2018-12-19T06:26:24","guid":{"rendered":"http:\/\/refahiyesempozyumu.ebyu.edu.tr\/?page_id=801"},"modified":"2019-03-11T23:20:31","modified_gmt":"2019-03-11T20:20:31","slug":"davetli-konusmaci","status":"publish","type":"page","link":"https:\/\/refahiyesempozyumu.ebyu.edu.tr\/index.php\/davetli-konusmaci\/","title":{"rendered":"Panelistler"},"content":{"rendered":"<h3><strong><span style=\"color: #800000;\">KARMA PANEL:<em> G\u00fcncel Konular<\/em><\/span><\/strong><\/h3>\n<p><strong>Prof. Dr. Saibe OKTAY \u00d6ZDEM\u0130R<\/strong><\/p>\n<p>\u0130stanbul \u00dcniversitesi Hukuk Fak\u00fcltesi<\/p>\n<p>&#8220;Tar\u0131m Arazilerinin Korunmas\u0131 Ama\u00e7l\u0131 Getirilen K\u0131s\u0131tlamalar&#8221;<\/p>\n<p><strong>Prof. Dr. Ayd\u0131n G\u00dcLAN<\/strong><\/p>\n<p>\u0130stanbul \u00dcniversitesi Hukuk Fak\u00fcltesi<\/p>\n<p>&#8220;Yeni H\u00fck\u00fcmet Sisteminde Kamu Personelinin Stat\u00fcs\u00fc&#8221;<\/p>\n<p><strong>K\u00f6ksal TANDIRO\u011eLU<\/strong><\/p>\n<p>\u0130stanbul B\u00fcy\u00fck\u015fehir Belediyesi Eski Genel Sekreter Yard\u0131mc\u0131s\u0131<\/p>\n<p>&#8220;Refahiye \u00d6zelinde, \u00c7evre ve Afet Risklerine Vizyoner Bir Bak\u0131\u015f ve \u00d6neriler&#8221;<\/p>\n<p><strong>Prof. Dr. \u00dcmm\u00fchan ASLAN<\/strong><\/p>\n<p>Bilecik \u015eeyh Edebali \u00dcniversitesi Uygulamal\u0131 Bilimler Y\u00fcksekokulu<\/p>\n<p>Dijitalle\u015fme ve Mesleki Gelecek<\/p>\n<p><strong>Do\u00e7. Dr. Cemil ERARSLAN<\/strong><\/p>\n<p>Yalova \u00dcniversitesi \u0130ktisadi ve \u0130dari Bilimler Fak\u00fcltesi<\/p>\n<p>&#8220;Merkez Bankalar\u0131n\u0131n \u0130zledikleri Para Politikalar\u0131 I\u015f\u0131\u011f\u0131nda, T\u00fcrkiye ve D\u00fcnya Ekonomisindeki Son Geli\u015fmeler&#8221;<\/p>\n<h3><\/h3>\n<h3><strong><span style=\"color: #800000;\">PANEL:<em> Tar\u0131m ve K\u0131rsalda Kalk\u0131nma<\/em><\/span><\/strong><\/h3>\n<p><strong>Do\u00e7. Dr. Yener ATASEVEN<\/strong><\/p>\n<p>Ankara \u00dcniversitesi Ziraat Fak\u00fcltesi<\/p>\n<p>&#8220;K\u0131rsal Kalk\u0131nma&#8221;<\/p>\n<p><strong>Mustafa BEKTA\u015e<\/strong><\/p>\n<p>K\u0131rsal Kalk\u0131nma Uzman\u0131<\/p>\n<p>&#8220;Kalk\u0131nma Temelli K\u0131rsal Turizm&#8221;<\/p>\n<p><strong>Murat BAYRAMO\u011eLU<\/strong><\/p>\n<p>\u00d6zye\u011fin Vakf\u0131 K\u0131rsal Kalk\u0131nma Projeleri Koordinat\u00f6r\u00fc<\/p>\n<p>&#8220;K\u0131rsal Kalk\u0131nma Projeleri&#8221;<\/p>\n<p><strong>Dr. \u00d6\u011fr. \u00dcyesi Mustafa KAN<\/strong><\/p>\n<p>K\u0131r\u015fehir Ahi Evran \u00dcniversitesi Ziraat Fak\u00fcltesi<\/p>\n<p>&#8220;K\u0131rsal Kalk\u0131nma, Yerel \u00dcr\u00fcnler ve Co\u011frafi \u0130\u015faretleme&#8221;<\/p>\n<p><strong>Mahmut ESK\u0130Y\u00d6R\u00dcK<\/strong><\/p>\n<p>Tire S\u00fct Kooperatifi Ba\u015fkan\u0131<\/p>\n<p>&#8220;Tar\u0131msal Kalk\u0131nmada Kooperatif\u00e7ilik Modeli&#8221;<\/p>\n<p>&nbsp;<\/p>\n","protected":false},"excerpt":{"rendered":"<p>KARMA PANEL: G\u00fcncel Konular Prof. Dr. Saibe OKTAY \u00d6ZDEM\u0130R \u0130stanbul \u00dcniversitesi Hukuk Fak\u00fcltesi &#8220;Tar\u0131m Arazilerinin Korunmas\u0131 Ama\u00e7l\u0131 Getirilen K\u0131s\u0131tlamalar&#8221; Prof. Dr. Ayd\u0131n G\u00dcLAN \u0130stanbul \u00dcniversitesi Hukuk Fak\u00fcltesi &#8220;Yeni H\u00fck\u00fcmet Sisteminde Kamu Personelinin Stat\u00fcs\u00fc&#8221; K\u00f6ksal TANDIRO\u011eLU \u0130stanbul B\u00fcy\u00fck\u015fehir Belediyesi Eski Genel Sekreter Yard\u0131mc\u0131s\u0131 &#8220;Refahiye \u00d6zelinde, \u00c7evre ve Afet Risklerine Vizyoner Bir Bak\u0131\u015f ve \u00d6neriler&#8221; Prof. Dr. [&hellip;]<\/p>\n","protected":false},"author":1,"featured_media":0,"parent":0,"menu_order":0,"comment_status":"closed","ping_status":"closed","template":"","meta":{"_et_pb_use_builder":"","_et_pb_old_content":"","_et_gb_content_width":""},"_links":{"self":[{"href":"https:\/\/refahiyesempozyumu.ebyu.edu.tr\/index.php\/wp-json\/wp\/v2\/pages\/801"}],"collection":[{"href":"https:\/\/refahiyesempozyumu.ebyu.edu.tr\/index.php\/wp-json\/wp\/v2\/pages"}],"about":[{"href":"https:\/\/refahiyesempozyumu.ebyu.edu.tr\/index.php\/wp-json\/wp\/v2\/types\/page"}],"author":[{"embeddable":true,"href":"https:\/\/refahiyesempozyumu.ebyu.edu.tr\/index.php\/wp-json\/wp\/v2\/users\/1"}],"replies":[{"embeddable":true,"href":"https:\/\/refahiyesempozyumu.ebyu.edu.tr\/index.php\/wp-json\/wp\/v2\/comments?post=801"}],"version-history":[{"count":9,"href":"https:\/\/refahiyesempozyumu.ebyu.edu.tr\/index.php\/wp-json\/wp\/v2\/pages\/801\/revisions"}],"predecessor-version":[{"id":1182,"href":"https:\/\/refahiyesempozyumu.ebyu.edu.tr\/index.php\/wp-json\/wp\/v2\/pages\/801\/revisions\/1182"}],"wp:attachment":[{"href":"https:\/\/refahiyesempozyumu.ebyu.edu.tr\/index.php\/wp-json\/wp\/v2\/media?parent=801"}],"curies":[{"name":"wp","href":"https:\/\/api.w.org\/{rel}","templated":true}]}}

<h3><strong><span style="color: #800000;">KARMA PANEL:<em> Güncel Konular</em></span></strong></h3>
<p><strong>Prof. Dr. Saibe OKTAY ÖZDEMİR</strong></p>
<p>İstanbul Üniversitesi Hukuk Fakültesi</p>
<p>&#8220;Tarım Arazilerinin Korunması Amaçlı Getirilen Kısıtlamalar&#8221;</p>
<p><strong>Prof. Dr. Aydın GÜLAN</strong></p>
<p>İstanbul Üniversitesi Hukuk Fakültesi</p>
<p>&#8220;Yeni Hükümet Sisteminde Kamu Personelinin Statüsü&#8221;</p>
<p><strong>Köksal TANDIROĞLU</strong></p>
<p>İstanbul Büyükşehir Belediyesi Eski Genel Sekreter Yardımcısı</p>
<p>&#8220;Refahiye Özelinde, Çevre ve Afet Risklerine Vizyoner Bir Bakış ve Öneriler&#8221;</p>
<p><strong>Prof. Dr. Ümmühan ASLAN</strong></p>
<p>Bilecik Şeyh Edebali Üniversitesi Uygulamalı Bilimler Yüksekokulu</p>
<p>Dijitalleşme ve Mesleki Gelecek</p>
<p><strong>Doç. Dr. Cemil ERARSLAN</strong></p>
<p>Yalova Üniversitesi İktisadi ve İdari Bilimler Fakültesi</p>
<p>&#8220;Merkez Bankalarının İzledikleri Para Politikaları Işığında, Türkiye ve Dünya Ekonomisindeki Son Gelişmeler&#8221;</p>
<h3></h3>
<h3><strong><span style="color: #800000;">PANEL:<em> Tarım ve Kırsalda Kalkınma</em></span></strong></h3>
<p><strong>Doç. Dr. Yener ATASEVEN</strong></p>
<p>Ankara Üniversitesi Ziraat Fakültesi</p>
<p>&#8220;Kırsal Kalkınma&#8221;</p>
<p><strong>Mustafa BEKTAŞ</strong></p>
<p>Kırsal Kalkınma Uzmanı</p>
<p>&#8220;Kalkınma Temelli Kırsal Turizm&#8221;</p>
<p><strong>Murat BAYRAMOĞLU</strong></p>
<p>Özyeğin Vakfı Kırsal Kalkınma Projeleri Koordinatörü</p>
<p>&#8220;Kırsal Kalkınma Projeleri&#8221;</p>
<p><strong>Dr. Öğr. Üyesi Mustafa KAN</strong></p>
<p>Kırşehir Ahi Evran Üniversitesi Ziraat Fakültesi</p>
<p>&#8220;Kırsal Kalkınma, Yerel Ürünler ve Coğrafi İşaretleme&#8221;</p>
<p><strong>Mahmut ESKİYÖRÜK</strong></p>
<p>Tire Süt Kooperatifi Başkanı</p>
<p>&#8220;Tarımsal Kalkınmada Kooperatifçilik Modeli&#8221;</p>
<p>&nbsp;</p>

<p>KARMA PANEL: Güncel Konular Prof. Dr. Saibe OKTAY ÖZDEMİR İstanbul Üniversitesi Hukuk Fakültesi &#8220;Tarım Arazilerinin Korunması Amaçlı Getirilen Kısıtlamalar&#8221; Prof. Dr. Aydın GÜLAN İstanbul Üniversitesi Hukuk Fakültesi &#8220;Yeni Hükümet Sisteminde Kamu Personelinin Statüsü&#8221; Köksal TANDIROĞLU İstanbul Büyükşehir Belediyesi Eski Genel Sekreter Yardımcısı &#8220;Refahiye Özelinde, Çevre ve Afet Risklerine Vizyoner Bir Bakış ve Öneriler&#8221; Prof. Dr. [&hellip;]</p>
