{"id":724,"date":"2010-09-15T05:33:46","date_gmt":"2010-09-15T05:33:46","guid":{"rendered":"http:\/\/elegantthemes.com\/preview\/DeepFocus\/?page_id=2"},"modified":"2019-01-29T15:46:23","modified_gmt":"2019-01-29T12:46:23","slug":"about-2","status":"publish","type":"page","link":"https:\/\/refahiyesempozyumu.ebyu.edu.tr\/index.php\/about-2\/","title":{"rendered":"Sempozyum Hakk\u0131nda"},"content":{"rendered":"<p>&nbsp;<\/p>\n<p style=\"text-align: justify;\">\u201cModernle\u015fen\u201d toplum yap\u0131s\u0131n\u0131n, insan ya\u015fam\u0131 \u00fczerinde yaratt\u0131\u011f\u0131 etkiler b\u00fct\u00fcn\u00fcyle pozitif olmamaktad\u0131r. Geli\u015fen haberle\u015fme a\u011flar\u0131, ula\u015f\u0131m imkanlar\u0131 ile kitle ileti\u015fim ve yapay zeka teknolojisi g\u00fcn\u00fcm\u00fcz toplumlar\u0131n\u0131n ba\u015f\u0131n\u0131 h\u0131zla d\u00f6nd\u00fcrmeye devam etmektedir. Kaydedilen teknolojik ilerlemeler yaratt\u0131\u011f\u0131 faydalar\u0131n yan\u0131 s\u0131ra sebep oldu\u011fu maliyetler ile de ba\u015f d\u00f6nd\u00fcrmektedir. Zira faydas\u0131n\u0131n da maliyetinin de kimler \u00fczerinde odakland\u0131\u011f\u0131 ba\u015fl\u0131 ba\u015f\u0131na bir ara\u015ft\u0131rma alan\u0131\u2026<\/p>\n<p style=\"text-align: justify;\">Piyasaya s\u00fcr\u00fclen yenilikler, standard\u0131 y\u00fckselen ya\u015famlar, artan refah daha g\u00fczel bir d\u00fcnya arzusuna g\u00f6t\u00fcrmeli diye d\u00fc\u015f\u00fcn\u00fclebilir. Ancak beklentilerin, ger\u00e7ekle\u015fenlerle olan uyumsuzlu\u011fu bir\u00e7ok alanda oldu\u011fu gibi toplumsal ya\u015famdaki bu d\u00f6n\u00fc\u015f\u00fcmde de kendini g\u00f6stermektedir. Ya\u015fanan teknolojik modernizasyonun \u00fclkelerin ve toplumlar\u0131n sosyo-ekonomik refah\u0131n\u0131 ve ya\u015fam standard\u0131n\u0131 y\u00fckseltti\u011fi ifade edilebilirse de, y\u00fcz y\u00fcze ileti\u015fimin yerini alan sanal ileti\u015fim bi\u00e7imi, birlikte ge\u00e7irilen zamanlar\u0131n azalmas\u0131, yeni zaman t\u00fcketim al\u0131\u015fkanl\u0131klar\u0131, ya\u015fan\u0131lan \u00e7evre ile olan etkile\u015fimin azalmas\u0131 gibi bir dizi sosyolojik de\u011fi\u015fim de ya\u015fanmaktad\u0131r.<\/p>\n<p style=\"text-align: justify;\">Bu ba\u011flamda, modernle\u015fen d\u00fcnyan\u0131n art\u0131 ve eksileri ile Anadolu \u015fehirlerinin de y\u00fczle\u015fti\u011fi bu zaman diliminde, kentlerin ve bilhassa k\u00fclt\u00fcrlerinin erozyona u\u011frad\u0131\u011f\u0131, baz\u0131lar\u0131n\u0131n kent kimliklerinin yok olmaya y\u00fcz tuttu\u011fu ifade edilebilir. Ancak bu konuda fark\u0131ndal\u0131k olu\u015fturabilen kentlerin bu erozyonu yava\u015flatmas\u0131 hatta durdurmas\u0131 dahi m\u00fcmk\u00fcn olabilir. Nitekim ferahl\u0131\u011f\u0131ndan \u00f6t\u00fcr\u00fc Refahiye ismini alan \u015fehrimizin, do\u011fal g\u00fczellikleri, \u00e7ok \u00e7e\u015fitli ve zengin somut ve soyut t\u00fcm kaynaklar\u0131 d\u00fc\u015f\u00fcn\u00fcld\u00fc\u011f\u00fcnde, sahip olunan ve her ge\u00e7en g\u00fcn iyile\u015fen teknik alt yap\u0131 ile s\u00fcrd\u00fcr\u00fclebilirli\u011fin g\u00fc\u00e7lendirilmesi, bu ama\u00e7la, her bilim alan\u0131nda kente dair sa\u011flanabilecek geli\u015fim stratejisinin ortaya \u00e7\u0131kar\u0131lmas\u0131 Refahiye Ara\u015ft\u0131rmalar\u0131 Sempozyumu\u2019nun misyonudur.<\/p>\n<p style=\"text-align: justify;\">Ulusal bir sempozyum olarak tertip edilen bu sempozyum ile Refahiye\u2019yi konu alan her alandaki akademik \u00e7al\u0131\u015fmalar\u0131n sunulmas\u0131n\u0131, \u00e7e\u015fitli alanlarda \u00e7al\u0131\u015fan bilim insanlar\u0131n\u0131 bir araya getirerek Refahiye\u2019ye dair dile getirilmesi gerekenlere bir zemin olmay\u0131 ama\u00e7lamaktay\u0131z.<\/p>\n<p style=\"text-align: justify;\">Bunlarla s\u0131n\u0131rl\u0131 olmamak kayd\u0131yla; Arkeoloji, Biyo\u00e7e\u015fitlilik, Co\u011frafya, \u00c7evre, Deprem, Dil ve Edebiyat, Dini ve K\u00fclt\u00fcrel Hayat, Do\u011fal Zenginlikler-Kaynaklar, E\u011fitim, Ekonomi, El Sanatlar\u0131, Folklor, G\u00fcncel Sorunlar, G\u00fczel Sanatlar, K\u00fclt\u00fcr-Sanat, Madencilik, M\u00fchendislik, \u00d6nemli \u015eahsiyetler, Sa\u011fl\u0131k, Sanat Tarihi, Spor, \u015eehir ve Mimari, Tar\u0131m ve Hayvanc\u0131l\u0131k, Tarih, Toplumsal Yap\u0131 ve Demografi, Turizm ve di\u011fer bir\u00e7ok bilim alan\u0131nda \u00fcretilecek \u00e7al\u0131\u015fmalar\u0131 hem s\u00fcrd\u00fcr\u00fclen Sempozyum misyonu hem de Refahiye Kent Haf\u0131zas\u0131 projesinin bir i\u015f paketi olarak \u00f6nemsemekteyiz.<\/p>\n<p style=\"text-align: justify;\">14-15 Mart 2019 Tarihlerinde Erzincan \u2013 Refahiye\u2019de ger\u00e7ekle\u015ftirilecek Sempozyumun sonunda bir sonu\u00e7 bildirgesinin kaleme al\u0131nmas\u0131, sunulan bildirilerin sempozyum kitab\u0131nda bas\u0131lmas\u0131 ve yayg\u0131nla\u015ft\u0131r\u0131lmas\u0131 planlanmaktad\u0131r.<\/p>\n<p style=\"text-align: justify;\">Yurt i\u00e7inden ve yurtd\u0131\u015f\u0131ndan bir k\u0131sm\u0131 da Refahiyeli olan bilim insanlar\u0131n\u0131n kat\u0131l\u0131m\u0131 ile ger\u00e7ekle\u015fecek olan Sempozyumun dili T\u00fcrk\u00e7e\u2019dir.<\/p>\n","protected":false},"excerpt":{"rendered":"<p>&nbsp; \u201cModernle\u015fen\u201d toplum yap\u0131s\u0131n\u0131n, insan ya\u015fam\u0131 \u00fczerinde yaratt\u0131\u011f\u0131 etkiler b\u00fct\u00fcn\u00fcyle pozitif olmamaktad\u0131r. Geli\u015fen haberle\u015fme a\u011flar\u0131, ula\u015f\u0131m imkanlar\u0131 ile kitle ileti\u015fim ve yapay zeka teknolojisi g\u00fcn\u00fcm\u00fcz toplumlar\u0131n\u0131n ba\u015f\u0131n\u0131 h\u0131zla d\u00f6nd\u00fcrmeye devam etmektedir. Kaydedilen teknolojik ilerlemeler yaratt\u0131\u011f\u0131 faydalar\u0131n yan\u0131 s\u0131ra sebep oldu\u011fu maliyetler ile de ba\u015f d\u00f6nd\u00fcrmektedir. Zira faydas\u0131n\u0131n da maliyetinin de kimler \u00fczerinde odakland\u0131\u011f\u0131 ba\u015fl\u0131 ba\u015f\u0131na [&hellip;]<\/p>\n","protected":false},"author":1,"featured_media":0,"parent":0,"menu_order":0,"comment_status":"open","ping_status":"open","template":"","meta":{"_et_pb_use_builder":"","_et_pb_old_content":"","_et_gb_content_width":""},"_links":{"self":[{"href":"https:\/\/refahiyesempozyumu.ebyu.edu.tr\/index.php\/wp-json\/wp\/v2\/pages\/724"}],"collection":[{"href":"https:\/\/refahiyesempozyumu.ebyu.edu.tr\/index.php\/wp-json\/wp\/v2\/pages"}],"about":[{"href":"https:\/\/refahiyesempozyumu.ebyu.edu.tr\/index.php\/wp-json\/wp\/v2\/types\/page"}],"author":[{"embeddable":true,"href":"https:\/\/refahiyesempozyumu.ebyu.edu.tr\/index.php\/wp-json\/wp\/v2\/users\/1"}],"replies":[{"embeddable":true,"href":"https:\/\/refahiyesempozyumu.ebyu.edu.tr\/index.php\/wp-json\/wp\/v2\/comments?post=724"}],"version-history":[{"count":14,"href":"https:\/\/refahiyesempozyumu.ebyu.edu.tr\/index.php\/wp-json\/wp\/v2\/pages\/724\/revisions"}],"predecessor-version":[{"id":1079,"href":"https:\/\/refahiyesempozyumu.ebyu.edu.tr\/index.php\/wp-json\/wp\/v2\/pages\/724\/revisions\/1079"}],"wp:attachment":[{"href":"https:\/\/refahiyesempozyumu.ebyu.edu.tr\/index.php\/wp-json\/wp\/v2\/media?parent=724"}],"curies":[{"name":"wp","href":"https:\/\/api.w.org\/{rel}","templated":true}]}}